{"id":71,"date":"2022-01-05T23:19:46","date_gmt":"2022-01-05T20:19:46","guid":{"rendered":"http:\/\/gkoart.com\/?post_type=product&#038;p=71"},"modified":"2026-02-04T12:31:47","modified_gmt":"2026-02-04T09:31:47","slug":"gecenin-yuzu-face-of-the-night","status":"publish","type":"product","link":"https:\/\/gkoart.com\/?product=gecenin-yuzu-face-of-the-night","title":{"rendered":"Gecenin Y\u00fcz\u00fc \/ Face of the Night"},"content":{"rendered":"","protected":false},"excerpt":{"rendered":"<p style=\"color: #fffff;\"><span style=\"color: #ffffff;\">GECEN\u0130N Y\u00dcZ\u00dc<\/span><br \/>\n<span style=\"color: #ffffff;\">Gecenin derinli\u011fi ile evrenin sessizli\u011fi<\/span><br \/>\n<span style=\"color: #ffffff;\">ayla bulu\u015ftu\u011funda ayd\u0131nlat\u0131r kalpleri.<\/span><br \/>\n<span style=\"color: #ffffff;\">B\u00fct\u00fcnle\u015fen ruhlar gecenin renginde<\/span><br \/>\n<span style=\"color: #ffffff;\">dans eder huzurla. \u0130\u00e7inizde hissetmeniz<\/span><br \/>\n<span style=\"color: #ffffff;\">temennisiyle.<\/span><br \/>\n<span style=\"color: #ffffff;\">125 x125 cm T.\u00dc.Y.B.<\/span><\/p>\n","protected":false},"featured_media":33,"comment_status":"open","ping_status":"closed","template":"","meta":{"neve_meta_sidebar":"","neve_meta_container":"","neve_meta_enable_content_width":"off","neve_meta_content_width":100,"neve_meta_title_alignment":"","neve_meta_author_avatar":"","neve_post_elements_order":"","neve_meta_disable_header":"","neve_meta_disable_footer":"","neve_meta_disable_title":"","_ti_tpc_template_sync":false,"_ti_tpc_template_id":""},"product_cat":[19],"product_tag":[],"_links":{"self":[{"href":"https:\/\/gkoart.com\/index.php?rest_route=\/wp\/v2\/product\/71"}],"collection":[{"href":"https:\/\/gkoart.com\/index.php?rest_route=\/wp\/v2\/product"}],"about":[{"href":"https:\/\/gkoart.com\/index.php?rest_route=\/wp\/v2\/types\/product"}],"replies":[{"embeddable":true,"href":"https:\/\/gkoart.com\/index.php?rest_route=%2Fwp%2Fv2%2Fcomments&post=71"}],"wp:featuredmedia":[{"embeddable":true,"href":"https:\/\/gkoart.com\/index.php?rest_route=\/wp\/v2\/media\/33"}],"wp:attachment":[{"href":"https:\/\/gkoart.com\/index.php?rest_route=%2Fwp%2Fv2%2Fmedia&parent=71"}],"wp:term":[{"taxonomy":"product_cat","embeddable":true,"href":"https:\/\/gkoart.com\/index.php?rest_route=%2Fwp%2Fv2%2Fproduct_cat&post=71"},{"taxonomy":"product_tag","embeddable":true,"href":"https:\/\/gkoart.com\/index.php?rest_route=%2Fwp%2Fv2%2Fproduct_tag&post=71"}],"curies":[{"name":"wp","href":"https:\/\/api.w.org\/{rel}","templated":true}]}}